ase 8) in base 10?
-2282415
-14534225 (base 6) to base 12
-207375
What is 17054e (base 15) in base 16?
110345
38a40 (base 12) to base 3
10221100010
What is -ad32 (base 14) in base 2?
-111010101010000
What is -200312002102 (base 4) in base 7?
-133116601
30302021301 (base 4) to base 11
1989853
What is 1e261 (base 15) in base 14?
27c1a
-1756408 (base 9) to base 7
-11230556
Convert -314340142 (base 5) to base 6.
-44215330
1ba082 (base 13) to base 3
1022221120012
What is 32375 (base 9) in base 4?
11033030
588834 (base 11) to base 9
1673227
What is -210aa38 (base 12) in base 15?
-833b5e
-1084309 (base 12) to base 3
-12221111122100
-18478 (base 16) to base 11
-68798
Convert -1110111100000110 (base 2) to base 5.
-3424230
Convert 101011101111101010010 (base 2) to base 12.
591642
What is -25555 (base 12) in base 4?
-30123101
-6770642 (base 8) to base 14
-359574
10d27 (base 16) to base 15
15638
What is 5234531 (base 6) in base 14?
686b5
What is -307746 (base 8) in base 10?
-102374
What is -1261041 (base 7) in base 14?
-44721
Convert -21122131 (base 4) to base 8.
-113235
-131112310 (base 4) to base 10
-120244
Convert 54aaa1 (base 11) to base 3.
1122122000012
Convert -6b30 (base 15) to base 9.
-34210
What is 33540536 (base 7) in base 11?
1712a51
What is -279be (base 16) in base 11?
-10098a
9fe27 (base 16) to base 2
10011111111000100111
What is -ed7e (base 16) in base 4?
-32311332
Convert 12110221202212 (base 3) to base 12.
b85365
-77820 (base 11) to base 4
-123202122
-3a2817 (base 13) to base 4
-11113011013
Convert 543440 (base 7) to base 11.
65326
Convert 2020000 (base 7) to base 8.
724744
-610004 (base 7) to base 9
-166558
22303122313 (base 4) to base 12
b46b07
What is -22545014 (base 6) in base 5?
-134321323
Convert 1461a8 (base 16) to base 2.
101000110000110101000
Convert -6ad563 (base 14) to base 13.
-9a94b4
What is -10634720 (base 9) in base 2?
-10011101011110111111111
Convert -b8d86 (base 15) to base 10.
-586926
-202100002120101 (base 3) to base 9
-22302511
Convert -34525031 (base 6) to base 15.
-161b1d
Convert -65323 (base 15) to base 13.
-b334c
What is 732240 (base 9) in base 14?
b45aa
What is -422413411 (base 6) in base 8?
-34176457
Convert 26721880 (base 9) to base 6.
1150314030
Convert 1133415415 (base 6) to base 10.
12770723
Convert -320451 (base 8) to base 12.
-51975
Convert -4deff (base 16) to base 4.
-1031323333
Convert -1000111000111001011011 (base 2) to base 5.
-1044031303
532025 (base 7) to base 8
263447
What is -21102211 (base 4) in base 6?
-452101
Convert -431657 (base 8) to base 3.
-21022221120
-19be82 (base 16) to base 10
-1687170
What is -493517 (base 16) in base 3?
-100000202020022
2312300 (base 5) to base 13
15c01
What is 243c3 (base 14) in base 8?
254767
40042531 (base 7) to base 13
8b927c
8608737 (base 9) to base 2
10001100110000010011111
Convert -10144344 (base 6) to base 2.
-1000111110000001000
Convert 6716068 (base 9) to base 12.
1262a22
-1883a2 (base 14) to base 2
-11010011110111111010
-1220675 (base 8) to base 4
-1102012331
-26126e (base 16) to base 12
-a03aba
Convert b34d (base 16) to base 13.
17b7b
1c740b (base 14) to base 3
1220202120001
What is -32614485 (base 9) in base 15?
-15b955b
4041330 (base 5) to base 3
10022110101
-442363 (base 8) to base 2
-100100010011110011
Convert 191288 (base 14) to base 8.
3304050
Convert d0c45 (base 15) to base 7.
5421536
Convert 4b912 (base 14) to base 3.
100102122010
-213343142 (base 5) to base 4
-3200100103
What is 2253110 (base 6) in base 8?
342502
Convert -66017227 (base 8) to base 3.
-222122120211001
Convert 22201012010 (base 3) to base 13.
60069
What is 1002332 (base 8) in base 3?
111101022001
What is 1328875 (base 11) in base 14?
43a8a2
Convert -37176 (base 10) to base 6.
-444040
442041005 (base 6) to base 2
11110010001101110011101
Convert 3c454 (base 14) to base 2.
100100011000101010
Convert 4807b (base 12) to base 14.
2742b
-34c91 (base 13) to base 10
-96617
Convert 3ca85 (base 14) to base 13.
5350c
What is 143349 (base 13) in base 10?
492696
What is 27278 (base 10) in base 16?
6a8e
-10302134 (base 5) to base 11
-5aa63
110110110000110000 (base 2) to base 5
24134204
18740 (base 14) to base 11
42479
What is -9cc5c (base 13) in base 6?
-10041502
Convert -220103230 (base 4) to base 8.
-502354
Convert 1230203003 (base 5) to base 6.
143434522
What is -10000001100011010 (base 2) in base 8?
-201432
Convert 96a64a (base 12) to base 8.
11054432
10112300212 (base 4) to base 2
100010110110000100110
What is -1a8633 (base 11) in base 6?
-10500131
What is 2012112221 (base 3) in base 4?
22212112
What is -11213230023 (base 4) in base 6?
-51324443
713131 (base 8) to base 10
235097
-19a31 (base 15) to base 16
-14560
What is 201020100102 (base 3) in base 10?
378605
3405354 (base 8) to base 13
262b74
What is -823548 (base 9) in base 8?
-1671326
What is -18a969c (base 14) in base 16?
-bacd7a
What is 11b682 (base 13) in base 12?
186045
Convert 100312013000 (base 4) to base 10.
4415936
Convert 1e38c (base 16) to base 12.
5b778
-25443504 (base 6) to base 8
-3125500
Convert 3560544 (base 8) to base 13.
281b59
-111001110011100101 (base 2) to base 16
-39ce5
What is -446243 (base 10) in base 5?
-103234433
What is -96795 (base 13) in base 8?
-1022260
What is 376137 (base 8) in base 9?
217463
Convert 1012153 (base 6) to base 12.
24059
3ab32 (base 15) to base 13
6783b
1888412 (base 9) to base 13
2b27bb
3dd98 (base 16) to base 6
5232504
-3221013312 (base 4) to base 2
-11101001000111110110
15439 (base 15) to base 2
10000101101100110
What is 4253014 (base 6) in base 8?
630642
What is -315515214 (base 6) in base 12?
-1a58b0a
Convert 7aa88 (base 12) to base 2.
101000000010001000
640def (base 16) to base 14
c298d1
What is 100100011011010010101001 (base 2) in base 12?
3246035
Convert -31225 (base 6) to base 9.
-5668
Convert 1204201424 (base 5) to base 16.
2ac6a4
3c682c (base 16) to base 9
7403437
What is -432300031 (base 5) in base 10?
-1837516
Convert -407120 (base 8) to base 3.
-20211211020
Convert 704c2 (base 15) to base 5.
42333312
What is -599067 (base 10) in base 11?
-37a0a7
What is -121204241 (base 5) in base 8?
-2127751
Convert 414010130 (base 5) to base 12.
6a1ba6
What is 11111101010011101111111 (base 2) in base 13?
19480b6
Convert 7c8ef3 (base 16) to base 5.
4042204214
Convert -3016446 (base 7) to base 9.
-604523
What is 519702 (base 14) in base 16?
2a0446
1111200111011 (base 3) to base 5
201111142
What is -10010000010010010101 (base 2) in base 16?
-90495
-10011000001010111010 (base 2) to base 7
-5204113
-c9da (base 15) to base 4
-22123222
Convert c1a6a (base 14) to base 8.
1615576
-1651b (base 12) to base 6
-403235
What is -102012100 (base 4) in base 14?
-1d02c
What is -5214114 (base 6) in base 7?
-2063614
Convert -424301 (base 5) to base 4.
-3133312
What is 22010202001 (base 3) in base 5?
20111232
What is 2242514 (base 6) in base 16?
1bfee
What is -292cc (base 14) in base 5?
-11231400
Convert a62a1a (base 12) to base 6.
132034434
Convert -6741017 (base 8) to base 14.
-354d55
-22222010002121 (base 3) to base 5
-2204444133
-10210202212 (base 3) to base 14
-1d437
What is 70590 (base 12) in base 16?
23a3c
-235030545 (base 6) to base 10
-4436417
What is -112201300333 (base 4) in base 7?
-101124055
130250c (base 14) to base 6
524034424
What is 1110011010011000111 (base 2) in base 3?
212222211020
-152233411 (base 6) to base 15
-431067
Convert -19998a (base 11) to base 2.
-1001010101101000010
What is -10be12 (base 16) in base 5?
-240102414
511223 (base 7) to base 5
10240034
Convert 218ec (base 16) to base 4.
201203230
Convert -1c9457 (base 13) to base 7.
-6146351
What is 1031340240 (base 5) in base 7?
24553634
What is -22002313313 (base 4) in base 2?
-1010000010110111110111
Convert -14344116 (base 7) to base 13.
-38603a
Convert 10010112221021 (base 3) to base 9.
3115837
Convert -24133512 (base 7) to base 16.
-20b2ff
2220432240 (base 5) to base 11
2819249
Convert 26b2c6a (base 13) to base 3.
211221221002001
Convert -12200101202 (base 3) to base 9.
-180352
12c7ae1 (base 15) to base 9
27431404
What is -12021101202112 (base 3) in base 2?
-1010101100010010001110
-211020111221 (base 3) to base 6
-13214424
-76343 (base 11) to base 13
-3b616
-13aa5 (base 16) to base 13
-2a881
What is 1416980 (base 10) in base 4?
111